{"id":1515,"date":"2024-04-19T04:27:13","date_gmt":"2024-04-19T04:27:13","guid":{"rendered":"https:\/\/pizzeriaramo.se\/?post_type=product&#038;p=1515"},"modified":"2026-03-18T06:07:44","modified_gmt":"2026-03-18T06:07:44","slug":"35-rimini-special-skinka-lok-farska-tomater-kebabsas","status":"publish","type":"product","link":"https:\/\/www.pizzeriaramo.se\/index.php\/product\/35-rimini-special-skinka-lok-farska-tomater-kebabsas\/","title":{"rendered":"35. RIMINI SPECIAL: skinka, l\u00f6k, f\u00e4rska tomater, kebabs\u00e5s"},"content":{"rendered":"<p>FAMILJEPIZZA 315:- BARNPIZZA 120:-<\/p>\n<p>Extra fyllning av allt: 45:- Extra fyllning p\u00e5 familjepizza 75:-<\/p>\n<p>LUNCHPAKET 130:- inkl sallad &amp; dricka<\/p>\n","protected":false},"excerpt":{"rendered":"<p>FAMILJEPIZZA 315:- BARNPIZZA 120:-<\/p>\n<p>Extra fyllning av allt: 45:- Extra fyllning p\u00e5 familjepizza 75:-<\/p>\n<p>LUNCHPAKET 130:- inkl sallad &amp; dricka<\/p>\n","protected":false},"featured_media":0,"comment_status":"open","ping_status":"closed","template":"","meta":[],"product_cat":[59],"product_tag":[],"class_list":{"0":"post-1515","1":"product","2":"type-product","3":"status-publish","5":"product_cat-prisklass-4","7":"first","8":"instock","9":"shipping-taxable","10":"purchasable","11":"product-type-simple"},"_links":{"self":[{"href":"https:\/\/www.pizzeriaramo.se\/index.php\/wp-json\/wp\/v2\/product\/1515","targetHints":{"allow":["GET"]}}],"collection":[{"href":"https:\/\/www.pizzeriaramo.se\/index.php\/wp-json\/wp\/v2\/product"}],"about":[{"href":"https:\/\/www.pizzeriaramo.se\/index.php\/wp-json\/wp\/v2\/types\/product"}],"replies":[{"embeddable":true,"href":"https:\/\/www.pizzeriaramo.se\/index.php\/wp-json\/wp\/v2\/comments?post=1515"}],"wp:attachment":[{"href":"https:\/\/www.pizzeriaramo.se\/index.php\/wp-json\/wp\/v2\/media?parent=1515"}],"wp:term":[{"taxonomy":"product_cat","embeddable":true,"href":"https:\/\/www.pizzeriaramo.se\/index.php\/wp-json\/wp\/v2\/product_cat?post=1515"},{"taxonomy":"product_tag","embeddable":true,"href":"https:\/\/www.pizzeriaramo.se\/index.php\/wp-json\/wp\/v2\/product_tag?post=1515"}],"curies":[{"name":"wp","href":"https:\/\/api.w.org\/{rel}","templated":true}]}}