{"id":1490,"date":"2024-04-19T04:13:58","date_gmt":"2024-04-19T04:13:58","guid":{"rendered":"https:\/\/pizzeriaramo.se\/?post_type=product&#038;p=1490"},"modified":"2026-03-18T01:45:29","modified_gmt":"2026-03-18T01:45:29","slug":"28-prinsessa-kottfarssas-lok-salami-stark","status":"publish","type":"product","link":"https:\/\/www.pizzeriaramo.se\/index.php\/product\/28-prinsessa-kottfarssas-lok-salami-stark\/","title":{"rendered":"28. PRINSESSA: k\u00f6ttf\u00e4rss\u00e5s, l\u00f6k, salami (stark)"},"content":{"rendered":"<p>FAMILJEPIZZA 295:- BARNPIZZA 110:-<\/p>\n<p>Extra fyllning av allt: 40:- Extra fyllning p\u00e5 familjepizza 70:-<\/p>\n<p>LUNCHPAKET 120:- inkl sallad &amp; dricka<\/p>\n","protected":false},"excerpt":{"rendered":"<p>FAMILJEPIZZA 295:- BARNPIZZA 110:-<\/p>\n<p>Extra fyllning av allt: 40:- Extra fyllning p\u00e5 familjepizza 70:-<\/p>\n<p>LUNCHPAKET 120:- inkl sallad &amp; dricka<\/p>\n","protected":false},"featured_media":0,"comment_status":"open","ping_status":"closed","template":"","meta":[],"product_cat":[58],"product_tag":[],"class_list":{"0":"post-1490","1":"product","2":"type-product","3":"status-publish","5":"product_cat-prisklass-3","7":"first","8":"instock","9":"shipping-taxable","10":"purchasable","11":"product-type-simple"},"_links":{"self":[{"href":"https:\/\/www.pizzeriaramo.se\/index.php\/wp-json\/wp\/v2\/product\/1490","targetHints":{"allow":["GET"]}}],"collection":[{"href":"https:\/\/www.pizzeriaramo.se\/index.php\/wp-json\/wp\/v2\/product"}],"about":[{"href":"https:\/\/www.pizzeriaramo.se\/index.php\/wp-json\/wp\/v2\/types\/product"}],"replies":[{"embeddable":true,"href":"https:\/\/www.pizzeriaramo.se\/index.php\/wp-json\/wp\/v2\/comments?post=1490"}],"wp:attachment":[{"href":"https:\/\/www.pizzeriaramo.se\/index.php\/wp-json\/wp\/v2\/media?parent=1490"}],"wp:term":[{"taxonomy":"product_cat","embeddable":true,"href":"https:\/\/www.pizzeriaramo.se\/index.php\/wp-json\/wp\/v2\/product_cat?post=1490"},{"taxonomy":"product_tag","embeddable":true,"href":"https:\/\/www.pizzeriaramo.se\/index.php\/wp-json\/wp\/v2\/product_tag?post=1490"}],"curies":[{"name":"wp","href":"https:\/\/api.w.org\/{rel}","templated":true}]}}